ber?
True
Is 41427179 composite?
True
Is 44076103 a prime number?
True
Is 18952013 composite?
True
Is 3824333 prime?
True
Is 2007697 a prime number?
True
Is 495904691 prime?
True
Is 27794323 a composite number?
True
Is 10247191 composite?
False
Is 23890989 prime?
False
Is 98737 composite?
False
Is 37400959 a prime number?
True
Is 4681727 a composite number?
False
Is 3001283 a composite number?
False
Is 12087247 a prime number?
True
Is 6166813 a prime number?
True
Is 113591 a composite number?
False
Is 147417437 a prime number?
True
Is 134639 a composite number?
False
Is 47557282 a composite number?
True
Is 2728897897 prime?
False
Is 10755497 a composite number?
False
Is 2578343 a composite number?
False
Is 2303437 composite?
False
Is 456527479 composite?
False
Is 81401 a prime number?
True
Is 137689471 a prime number?
False
Is 3648226 a composite number?
True
Is 33112087 a prime number?
True
Is 468154763 composite?
False
Is 52840113 prime?
False
Is 870431 prime?
True
Is 61872757 a prime number?
False
Is 10024477 a prime number?
True
Is 90429299 a prime number?
False
Is 12529667 a composite number?
False
Is 244011161 a composite number?
True
Is 4341317 prime?
False
Is 223902091 composite?
True
Is 8190823 composite?
False
Is 2634173 prime?
False
Is 127885 a composite number?
True
Is 292358219 a composite number?
False
Is 50133641 a prime number?
True
Is 7812449 a prime number?
True
Is 4985209 composite?
False
Is 3211359 a prime number?
False
Is 10415341 a prime number?
False
Is 8511973 prime?
True
Is 424759 composite?
True
Is 9693403 a composite number?
False
Is 541984511 composite?
False
Is 4456489 composite?
True
Is 29931197 composite?
True
Is 170808037 composite?
True
Is 15073529 a prime number?
False
Is 1507519 a prime number?
False
Is 65940727 a prime number?
False
Is 242713897 composite?
True
Is 8511079 prime?
True
Is 13543169 a composite number?
True
Is 9362561 a composite number?
True
Is 7715 a prime number?
False
Is 27567389 prime?
False
Is 4582919 composite?
True
Is 178735199 prime?
True
Is 10288841 composite?
False
Is 138449573 prime?
True
Is 381235601 prime?
True
Is 169120117 a prime number?
True
Is 2860903 a prime number?
True
Is 168758077 composite?
True
Is 2546627 prime?
False
Is 66336943 a composite number?
False
Is 894869 a composite number?
False
Is 1912181 a prime number?
False
Is 1981671 prime?
False
Is 341872469 a composite number?
True
Is 65387411 a composite number?
False
Is 36932107 prime?
True
Is 1562569 a prime number?
False
Is 186897401 prime?
True
Is 1002826871 prime?
True
Is 281274377 a prime number?
False
Is 4760813 a composite number?
True
Is 8614077 a composite number?
True
Is 4675441 prime?
False
Is 1152329 a composite number?
True
Is 318290249 composite?
True
Is 3205507 composite?
False
Is 257411831 a composite number?
True
Is 1450597 prime?
False
Is 7098623 a composite number?
True
Is 9895859 a prime number?
True
Is 145475969 a prime number?
False
Is 20385983 a prime number?
False
Is 5836317 a composite number?
True
Is 3383773 prime?
True
Is 13918237 prime?
True
Is 195555145 a prime number?
False
Is 200047 a composite number?
True
Is 2865479 composite?
False
Is 276229 composite?
False
Is 22186727 a composite number?
False
Is 308795189 composite?
False
Is 52568149 prime?
False
Is 17486429 a prime number?
True
Is 425653 a composite number?
False
Is 8375567 a prime number?
False
Is 4185311 composite?
True
Is 218917 a prime number?
False
Is 5037937 composite?
True
Is 426757711 a prime number?
True
Is 100337969 a prime number?
False
Is 7682083 prime?
True
Is 105443357 a prime number?
True
Is 254863145 composite?
True
Is 10395691 composite?
False
Is 1519363 prime?
True
Is 10841221 a prime number?
False
Is 550007 prime?
True
Is 6718889 prime?
True
Is 310357 a prime number?
True
Is 526271 a prime number?
True
Is 78362773 prime?
True
Is 6766171 a prime number?
True
Is 3936703 a prime number?
False
Is 569837 a prime number?
False
Is 1873841 a prime number?
False
Is 1584389 a composite number?
False
Is 279004967 a composite number?
False
Is 260909279 a prime number?
True
Is 859829 a composite number?
True
Is 494245687 prime?
False
Is 70868029 a prime number?
True
Is 7126411 prime?
False
Is 1123697 composite?
True
Is 473687197 a composite number?
True
Is 10647293 a prime number?
False
Is 408313 composite?
True
Is 530940521 prime?
True
Is 79573499 prime?
True
Is 394703119 composite?
True
Is 3938641 composite?
True
Is 226524209 a prime number?
True
Is 16131653 composite?
False
Is 3111131 composite?
False
Is 30838531 composite?
True
Is 3325991 a prime number?
True
Is 13124819 prime?
True
Is 381601169 a composite number?
True
Is 6094247 composite?
False
Is 10083859 a composite number?
True
Is 9207589 prime?
False
Is 50426443 a composite number?
True
Is 96682529 a composite number?
False
Is 66071651 composite?
False
Is 4546286 prime?
False
Is 16539931 a prime number?
False
Is 35719573 a prime number?
True
Is 20383079 prime?
True
Is 75685307 prime?
True
Is 26509139 a prime number?
True
Is 43483117 a prime number?
False
Is 468423481 a prime number?
False
Is 64949 a composite number?
True
Is 36425173 composite?
False
Is 1362611 a composite number?
True
Is 31431577 a prime number?
True
Is 4076521 a composite number?
True
Is 13828249 a composite number?
True
Is 1396345 a prime number?
False
Is 1365653 composite?
True
Is 246238021 composite?
True
Is 29089441 a prime number?
True
Is 10314839 composite?
False
Is 147796879 a composite number?
False
Is 3644299 a prime number?
False
Is 3466469 a composite number?
False
Is 2947999 composite?
False
Is 64809413 prime?
False
Is 220594889 prime?
True
Is 595667 prime?
False
Is 2223347 a prime number?
False
Is 6966334 composite?
True
Is 23400067 a composite number?
False
Is 161386649 prime?
False
Is 7226879 a prime number?
False
Is 447060409 a composite number?
False
Is 13185193 a prime number?
False
Is 733111 composite?
False
Is 1601203 composite?
False
Is 57751 prime?
True
Is 37510453 a composite number?
False
Is 10071829 a prime number?
False
Is 1027199 a prime number?
True
Is 335539 a composite number?
False
Is 699427 a prime number?
True
Is 34108094 a prime number?
False
Is 219812611 a prime number?
True
Is 6186407 composite?
False
Is 754723 a prime number?
True
Is 67104559 a prime number?
False
Is 19435781 a composite number?
False
Is 10314943 composite?
False
Is 152824226 composite?
True
Is 13784801 composite?
True
Is 2716333 a composite number?
False
Is 59244469 a composite number?
True
Is 5349049 composite?
False
Is 236051 a prime number?
False
Is 94637 a prime number?
False
Is 29400551 a prime number?
False
Is 10262821 a composite number?
False
Is 94573819 a composite number?
False
Is 22264651 prime?
True
Is 1718620193 composite?
False
Is 157009999 prime?
False
Is 58989347 a composite number?
False
Is 17366899 a prime number?
False
Is 566483111 prime?
True
Is 2087741 a prime number?
True
Is 4258879 a composite number?
False
Is 285341 prime?
False
Is 106568639 composite?
False
Is 78478289 a composite number?
False
Is 465503 composite?
True
Is 20647289 composite?
True
Is 132005837 a prime number?
True
Is 12395374 composite?
True
Is 20902537 a composite number?
True
Is 487973 a composite number?
False
Is 1451843 a composite number?
True
Is 86380867 a composite number?
False
Is 71459 a prime number?
False
Is 25544422 composite?
True
Is 6940477 a prime number?
True
Is 19690585 a prime number?
False
Is 23482573 a prime number?
True
Is 5562997 composite?
True
Is 1361357 a prime number?
True
Is 2381737 prime?
True
Is 8034373 prime?
True
Is 16334387 composite?
False
Is 915193 a prime number?
False
Is 2827807 a composite number?
True
Is 342039 prime?
False
Is 1035931 a prime number?
False
Is 42009509 prime?
True
Is 296437 a composite number?
False
Is 62638291 composite?
False
Is 12080813 a prime number?
True
Is 392381 a prime number?
False
Is 649424947 composite?
False
Is 10451599 a prime number?
True
Is 27287107 prime?
True
Is 225853 composite?
True
Is 58999039 composite?
True
Is 854933 prime?
False
Is 1553189 composite?
True
Is 43922273 composite?
False
Is 3504619 a composite number?
False
Is 10064038 prime?
False
Is 370919 a prime number?
True
Is 84975463 a prime number?
False
Is 1042395